6*b + 3*b + 742924. What are the prime factors of b?
5, 31, 67
Suppose -2*j + 37*m + 142 = 35*m, -j + 2*m + 73 = 0. Suppose -63*i + j*i = 8400. List the prime factors of i.
2, 5, 7
Suppose -126289 = 44*h - 1275877. List the prime factors of h.
3, 2903
Let q be 5/(2 - (1 - (-4 - -4))). Suppose r = -9*v + 4*v + 71, -3*r + 63 = q*v. List the prime factors of (-9)/v + 558/5.
3, 37
Let d(s) = 4*s**2 + 21*s - 22. Suppose -3*z = 3*r - 30, -5*z + r + 2*r + 34 = 0. What are the prime factors of d(z)?
2, 3, 67
Suppose -775 + 271 = 14*t. List the prime factors of (-8)/(t/(-9)) - -1*65.
3, 7
Suppose 260*w + 23348 = 273*w. What are the prime factors of w?
2, 449
Suppose -27*p - 4 = -31*p. Suppose t = 4*f - 28, p + 15 = -4*t. What are the prime factors of (684/15 + f)/((-4)/(-10))?
3, 43
Let m(o) = -23 + 32 - 12 - o + 184*o**2. List the prime factors of m(-1).
2, 7, 13
Let y(u) = -3*u - 7*u - 9*u + 53 + 9*u. List the prime factors of y(-3).
83
Let w(r) be the third derivative of 11*r**4/3 + 2*r**3 - 15*r**2. Let j be w(6). Suppose 2*p = -s + 267, p + 4*s - j = -3*p. What are the prime factors of p?
2, 3, 11
Suppose 3284715 = 156*s - 2184480 - 74265. What are the prime factors of s?
3, 5, 23, 103
What are the prime factors of (-213575)/(-50)*(8 + 1 + 0 + -1)?
2, 8543
Let t(g) be the third derivative of g**4/8 + 21*g**3/2 + 6*g**2. What are the prime factors of t(-7)?
2, 3, 7
Suppose -8*k - 27 = -83. List the prime factors of 3/(5*k/3395).
3, 97
Let g(x) = 34*x + 138. Let j(u) = -2*u**3 - 12*u**2 + 13*u + 3. Let l be j(-7). List the prime factors of g(l).
2, 239
Suppose 4*t - 99151 + 7583 = -2*k, -3*t + 9*k + 68676 = 0. List the prime factors of t.
2, 59, 97
Let u = -12155 + 16831. List the prime factors of u.
2, 7, 167
Suppose -3*z + 18 = 0, -g + 4*z + 3703 = -4778. What are the prime factors of g?
3, 5, 7
Let n(h) be the first derivative of 25*h**4/12 - 5*h**3/6 + 5*h**2/2 - 12*h - 20. Let y(i) be the first derivative of n(i). What are the prime factors of y(2)?
5, 19
Let v(k) = 63*k. Suppose -2*t = -a + 5*a - 2, -t - 2 = 5*a. Let i be v(a). List the prime factors of -1 - i/3*4.
83
Let q = -276 - -280. Suppose -4489 = -4*u + y, -2475 = 5*u + q*y - 8102. What are the prime factors of u?
1123
Let k = -125625 + 186235. List the prime factors of k.
2, 5, 11, 19, 29
Let l be ((-19)/((-152)/80))/((-1)/(-35)). Suppose 3*b - 286 - l = 0. What are the prime factors of b?
2, 53
Let o(t) = t**2 - 29*t - 199. Let a be o(39). Suppose 181*j = a*j - 5080. What are the prime factors of j?
2, 127
Suppose -2*o = 7*a - 2*a - 7876, 3*a = -2*o + 4724. Let n = a - 861. What are the prime factors of n?
5, 11, 13
Let f = 178 + -170. Let j(u) = 5*u**2 - 4*u - 52. List the prime factors of j(f).
2, 59
Suppose 64*o + 547*o = 107*o + 32272128. What are the prime factors of o?
2, 3, 23, 29
Let q(t) = 22*t**2 + 1090*t - 209. List the prime factors of q(-71).
3, 17, 653
Suppose -5*q + f = -33947 + 1010, -3*f = 3*q - 19755. What are the prime factors of q?
7, 941
Let v be ((-2)/(-4))/(10/600). Let n = 23 - v. What are the prime factors of n*((-80)/35 + 2)?
2
Suppose 15*o - 3*p + 884 = 16*o, 5*p = 2*o - 1724. Suppose -7*t + o + 3636 = 0. List the prime factors of t.
2, 7, 23
Let s = 1227 - -3369. List the prime factors of s.
2, 3, 383
Suppose 4*r + 4 = 0, -5*r - 76716 + 24491 = -5*l. List the prime factors of (l/4)/7 - 3.
2, 5, 37
Let f(r) be the first derivative of -4*r**2 + 19*r + 3. Suppose 8 = -10*d - 72. List the prime factors of f(d).
83
Let z(i) = 65*i + 30. Let y(q) = 28*q + 15. Let u(b) = -9*y(b) + 4*z(b). Suppose -2*g = 2*g - 20. What are the prime factors of u(g)?
5
Suppose -5*v + 72 = -v. Suppose -d + 6 = -s, -s + v = 2*d - 9. What are the prime factors of d/(-55) + (-182)/(-10)?
2, 3
Let r(c) = c**3 - 2*c**2 + 2*c + 7. Let a be r(0). Suppose -a*q + 13*q = 1902. List the prime factors of q.
317
Let m(f) = f**3 - f**2 - 4*f + 4. Let v be m(-2). Suppose o - 8 + 5 = v. Suppose -6*p + o*p - 4*y + 655 = 0, 0 = -4*p - 5*y + 873. List the prime factors of p.
7, 31
Suppose -22 = 11*y - 44. List the prime factors of (347/y)/((-66)/(-132)).
347
Let a be 29/(15/9 + -2). Let u = -82 - a. Suppose -5*d - u*p + 65 = -10*p, 4*d - 43 = -5*p. What are the prime factors of d?
2, 3
What are the prime factors of (-25462501)/(-930) - (-13)/(-390)?
11, 19, 131
What are the prime factors of (147/28 - 5)*28180?
5, 1409
Let b = 206 - 177. List the prime factors of -1 + 2 - (-13079)/b.
2, 113
Suppose 12 = -3*d - m + 2, 5*m = -20. Let f(x) = -4*x - 8*x**3 - 3 + x**2 + x**3 + 0*x + x. What are the prime factors of f(d)?
3, 7
Suppose -b = 4*v - 15360, 3*b - 22783 = -3*v + 23360. List the prime factors of b.
2, 3847
Let b = 2724 + 1856. List the prime factors of b.
2, 5, 229
Let x(n) = n**2 + 4*n + 2. Let j be x(-6). Let k(i) = -i**2 + 8*i - 9. Let r be k(6). Suppose j = -m + r*m. What are the prime factors of m?
7
Let l be -3 + (-1)/((-3)/(-21)). Let i(w) = 3*w + 6*w - 4*w**2 - 12 + w - 3*w**2 - w**3. What are the prime factors of i(l)?
2, 47
List the prime factors of (0 - (-214692)/9) + ((-168)/9)/28.
2, 11927
Let u be (-32)/(-2) + 19/(114/(-12)). Suppose 0*l - u*l = -8624. List the prime factors of l.
2, 7, 11
Let d = 52 - 49. Suppose 5*o - d*y - 15 = 0, 4*y - 1 = 2*o + 7. What are the prime factors of ((-332)/o)/((-10)/15)?
83
Let q(w) = 6293*w + 255. Let b be q(5). Suppose 5*x - b = -15*x. List the prime factors of x.
2, 13, 61
Suppose 12*i + 352 = 9*i - 5*f, -i + 4*f - 106 = 0. Let w = -16 - i. What are the prime factors of w?
2, 7
Let q = -3 + -193. List the prime factors of -333*(6 + q/21).
2, 3, 5, 37
Let p be (-6 - 0)*2 - -6. Let g(y) = 7*y + 127. List the prime factors of g(p).
5, 17
List the prime factors of 836045/105 + ((-4)/(-6) - -1).
2, 11, 181
Suppose -1104879 = 148*f - 3604747. List the prime factors of f.
7, 19, 127
Suppose -3*t + 3 + 3 = 0. Suppose 0 = 11*n - 573 - 494. List the prime factors of n*(8/2)/(2*t).
97
Suppose 2*p - 2*i = -3*i + 13, 5*p = -3*i + 34. Let n(a) = a - 13. Let o be n(p). Let q = o + 23. List the prime factors of q.
3, 5
Let t(k) be the first derivative of 21*k**4/4 + 7*k**3/3 - 6*k**2 + 9*k + 128. What are the prime factors of t(3)?
3, 67
Let h(o) = 585*o - 1558. List the prime factors of h(9).
11, 337
Let m(v) = -9*v**2 + 35*v - 17. Let k = 59 - 48. Let i(h) = -5*h**2 + 18*h - 8. Let q(x) = k*i(x) - 6*m(x). List the prime factors of q(-9).
41
Let r(v) = v**2 + 10*v + 8. Let u be r(-14). Let z = u + -41. Let b = z - -19. What are the prime factors of b?
2, 3, 7
Suppose 0 = 11*j - 6*j - 245. Let q = j + -8. Suppose 239 = 3*v + q. List the prime factors of v.
2, 3, 11
Let i(h) = 19*h**2 + 183*h - 330. List the prime factors of i(-35).
2, 5, 827
Suppose 28*y - 670 - 2 = 0. Suppose 19*m + y = 23*m. What are the prime factors of m?
2, 3
Suppose 50*c - 276850 = 61050. What are the prime factors of c?
2, 31, 109
Let g(n) = 8*n**3 + 2*n**2 - 27*n - 104. List the prime factors of g(8).
2, 61
List the prime factors of 7990 - ((-40)/(-22) - 86/(-473)).
2, 1997
Let g(j) = j**2 - 23*j + 65. Let f be g(20). Suppose -882 = -3*l - f*b, 3*b - 1489 = -5*l + b. What are the prime factors of l?
13, 23
Let t = 26360 - 8633. What are the prime factors of t?
3, 19, 311
Let w be (-21096)/(-207) - 4/(-46). Let u = w + -62. What are the prime factors of u?
2, 5
Let p = -102 + 91. Let x = p + 56. List the prime factors of x.
3, 5
Let l be 3/(-21) - (-563160)/168. Let s = -1885 + l. List the prime factors of s.
3, 163
Let m = -661 + 706. What are the prime factors of (-530 + 1)/(m/(-90))?
2, 23
Let r(d) = -1091*d - 11647. List the prime factors of r(-24).
14537
Let o be 3/(9/180*12). Suppose -8*r + 3*r + 4185 = o*g, -r = 2*g - 1669. What are the prime factors of g?
2, 13
Let j(b) = 873*b**2 - 129*b - 386. List the prime factors of j(-3).
2, 3929
Suppose 0 = 3*c + 8*c - 296992 - 90670. What are the prime factors of c?
2, 67, 263
Let n(d) = 2*d**3 + 43*d**2 + 15*d - 142. Let b(q) = q**3 + 43*q**2 + 15*q - 141. Let k(p) = 3*b(p) - 2*n(p). List the prime factors of k(43).
2, 11, 23
Let c = 57 + -35. Suppose -c*h + 20*h = -4. Suppose -h*o = o - 171. List the prime factors of o.
3, 19
Let s be (-2)/1*(55/(-10) - -2). Let u(j) = 3*j**2 + j - 65. List the prime factors of u(s).
89
Let n = -169 -